*q + 5*u - 24 = 0. What is the units digit of y(q)?
4
Let y(t) = -36651*t - t**2 + 36651*t + 33. Let v(f) = f**2 - 7*f + 6. Let s be v(6). What is the units digit of y(s)?
3
Suppose 3 = -12*j - 21. What is the tens digit of (-3 - (-7 - j))*41?
8
Let c be 428/36 + 2/18. What is the hundreds digit of c/15 - 1881/(-5)?
3
Suppose -34*z + 32*z = 2*g - 46016, -3*g = -5*z + 115072. What is the ten thousands digit of z?
2
Let k be -4 - (0 + (-1 - 2)). What is the hundreds digit of (-2976)/72*(-2 + k)?
1
Suppose 5*i - 64121 = l, -9*i - 12805 = -10*i + 5*l. What is the tens digit of i?
2
What is the tens digit of 7936024/280 + 12/210?
4
Suppose 2*l + 5*j - 47543 = 0, 113*l - 109*l - 95101 = -5*j. What is the tens digit of l?
7
Suppose -56*z - 787 = -57*z. Let d = z + -520. What is the units digit of d?
7
Let x(k) = -3*k + 5. Let v be x(-3). Suppose -502 = -v*g + 6358. What is the hundreds digit of g?
4
Suppose -16909 = -18*o - 4507. Let p = 223 + o. What is the units digit of p?
2
Suppose 0 = -3*y + y + 2*i + 1562, -2*y = 4*i - 1568. Let s = y - 425. What is the tens digit of s?
5
Let s(n) = n**3 - 26*n**2 - 26*n - 26. Let x be s(27). What is the hundreds digit of x/1*7 - -452?
4
Let h(d) = 6*d**2 + 166*d - 49. What is the hundreds digit of h(14)?
4
Suppose 5 - 16 = n. Let x(v) = -4760*v - 2 - 7 + 4759*v - 1. What is the units digit of x(n)?
1
Let n be ((-74172)/(-49) - -1) + 4/14. Suppose -2*v + 603 = -2*k + 3*k, 0 = 5*v - 5*k - n. Suppose -3*h - 11 = -v. What is the tens digit of h?
9
Let t(p) be the first derivative of 4*p**3/3 + 13*p**2/2 - 29*p + 277. Let h(q) = -q**3 + q**2 + q + 6. Let n be h(0). What is the units digit of t(n)?
3
Suppose -192 = -22*h + 138. Suppose 26*o = h*o + 5005. What is the tens digit of o?
5
Suppose 0 = -16*l + 4*l - 24. Suppose 0 = -5*q - 20 - 5. What is the units digit of q/l*470/25?
7
Let y(c) = c**2 - 11*c + 3. Let q be y(11). Suppose 27 = 3*f - q*w, -2*f + 29 = f - 4*w. Suppose -1931 = -f*g - 412. What is the units digit of g?
7
Let o(i) = i**2 + 5*i - 58. Let s be o(-11). What is the tens digit of (1 - -25) + -6 + s?
2
Suppose -914714 = -23*h - 181*h + 1032058. What is the hundreds digit of h?
5
Let u(a) = -2*a**3 - 31*a**2 + 9*a - 12. What is the hundreds digit of u(-22)?
0
What is the tens digit of (1 + 14 - 16)*-10607?
0
Suppose 7*f - f = 10872. Let v = f + -403. What is the hundreds digit of v?
4
Let i = -190 - -209. What is the units digit of (-1)/i*-3684 + (-112)/(-1064)?
4
Suppose 238*o + 2306310 = 356*o. What is the thousands digit of o?
9
Let t(a) = -493*a - 17. Let m be t(1). Let p = m + 1274. What is the tens digit of p?
6
Suppose -6*u - 1232 = -14*u. Let a = -89 + u. What is the units digit of (a/(-3) + 3)*(-5 + 2)?
6
Let d be 9/2*(-2)/(-3). Suppose 2*c - d*c - 3*u = -204, 5*c - 3*u - 1038 = 0. Suppose -4*l - i + c = 0, -3*l + 179 = 2*i - 6*i. What is the tens digit of l?
5
What is the hundreds digit of -2 + (-65290)/20*((3 - 3) + -14)?
7
Let z(x) be the third derivative of 4*x**2 + 0 - x**3 + 0*x + 1/30*x**5 + 1/8*x**4. What is the units digit of z(-10)?
4
Suppose 35 = 38*w - 9*w - 52. Suppose -u + 3*h + 6 = -0*u, -4*h - 8 = 4*u. Suppose 3*v = -v - 2*s + 530, -w*v - 4*s + 385 = u. What is the tens digit of v?
3
Let i(v) = -v**3 + 38*v**2 - 17*v - 281. What is the hundreds digit of i(22)?
0
Let q = -84442 + 119021. What is the tens digit of q?
7
Let g(j) = -1025*j - 1264. What is the thousands digit of g(-7)?
5
Suppose -6*w + 4784 = -14872. Suppose 0 = -87*a + 84*a + w. What is the units digit of a?
2
Let x(o) = 4*o - 44. Let j = 5 + 7. Let t be x(j). Suppose t*i - 658 + 102 = 0. What is the units digit of i?
9
What is the hundreds digit of (-6)/((-2)/(-1))*-5967?
9
Let q(l) = 12409*l - 138. What is the units digit of q(1)?
1
Suppose 20 = -5*h - 5, 5*l + 2*h + 55 = 0. What is the units digit of 182 + 20/5 + l?
7
Let l be (51 + -1)/(4 - 44/12). Let k = -6 + l. Suppose 0 = -2*v - v + k. What is the tens digit of v?
4
Suppose 38 = 5*j - 12. Let v(p) = 2*p**2 - 3*p - 22. Let m be v(-7). What is the tens digit of (-15)/j*(-2)/3*m?
9
Suppose -54*w + j = -58*w + 21962, -j = 2*w - 10980. What is the units digit of w?
1
Let p = 427 - 256. Let c = 418 - p. What is the hundreds digit of c?
2
Let f(l) = -11*l + 202. Let z be f(18). What is the tens digit of 768 - 15 - (-28)/z?
6
Let y be 8/(-4 + 116/30). Let g = 87 + y. Suppose -29*p + g*p = -50. What is the tens digit of p?
2
Let w(x) = 33167*x**3 + 22*x**2 + x. What is the ten thousands digit of w(1)?
3
Let v(d) = -4*d + 32. Let a be v(13). Let p be ((-36)/(-30))/((-3)/a). Suppose -368 = -p*m + 640. What is the units digit of m?
6
Let h(z) = 5*z + 15. Let t(c) = -9*c - 29. Let n(b) = 5*h(b) + 3*t(b). Let w be n(-6). Suppose w = -p + 35 + 44. What is the units digit of p?
9
Suppose -3*j - o = -107251, -o = 4*j - 46330 - 96669. What is the units digit of j?
8
Let n(g) = g**2 + 19*g + 223. Let a(r) = 9*r + 111. Let y(d) = -9*a(d) + 4*n(d). What is the hundreds digit of y(17)?
9
Suppose 5*d + 1891 = h - 4372, -d - 3 = 0. What is the thousands digit of h?
6
Suppose 3*h - 8*h + 90 = 0. Suppose 62 = -16*z - h. Let w(o) = 4*o**2 + 10*o. What is the tens digit of w(z)?
5
Suppose n + 441036 = 447267. What is the hundreds digit of n?
2
Suppose 5*k + 5*q + 245 = 0, -2 = -3*q + 1. Let o be (5/(k/(-8)))/((-32)/(-400)). Suppose -2*x = 2*a - 70, 5*a + o*x = 9*x + 167. What is the tens digit of a?
3
Let i(m) = -7*m**2 + 27 - 26 + 272*m**3 + 5*m**2. What is the units digit of i(1)?
1
Suppose 5*u + 36604 = 3*h, 87*h - 61072 = 82*h - u. What is the thousands digit of h?
2
Let s = -206 + 222. Let w = 346 + s. What is the tens digit of w?
6
Let n be 3*(-6)/(-18)*-5 - -10. Suppose 0 = -m - s + 9, -2*s - 24 - 28 = -n*m. What is the units digit of m?
0
Let w = -9020 + 17350. What is the hundreds digit of w?
3
Let s be (-1327)/(-7) + (-105)/(-245). Let q = 0 - -5. Suppose -8 - 375 = -2*j - q*d, -3*d = j - s. What is the hundreds digit of j?
1
Let m(g) = -g**3 + g**2 + g + 24. Let i be m(0). Let y be i/(-4) + -1 + 2. What is the units digit of y*1*(-4)/8*2?
5
Let f = 76 + -57. Suppose 0 - 7 = l - s, l + f = 5*s. What is the tens digit of (-2)/(0 - l)*(-970)/5?
9
Let p = 179 + -163. Suppose -p*k + 3591 + 4857 = 0. What is the tens digit of k?
2
Let n(h) = -3*h + 7 + 46*h + 3*h**2 - 29*h - 53. What is the tens digit of n(9)?
2
Suppose -5*j + k + 19 = 3*k, -3*j = -3*k - 3. Suppose 0 = a - 2*a + 3*f + 877, 0 = -5*a + j*f + 4409. What is the hundreds digit of a?
8
Let j = -90998 + 141538. What is the thousands digit of j?
0
Let j(o) = -o**3 - 19*o**2 + 42*o - 1. Let s be j(-21). What is the tens digit of -269*(-2 + 3 - s)/(-2)?
6
Suppose -3*z + 3*u + 5 = u, 2*z - 35 = -5*u. What is the tens digit of z/((-125)/30)*-150?
8
Let x = -28154 - -73117. What is the hundreds digit of x?
9
Suppose -3*p - 4*r = -1031, 312 = 4*p + 5*r - 1064. Let k = -212 + p. What is the tens digit of k?
3
Suppose -3839 = 5*t - 16709. What is the tens digit of t?
7
Suppose 4*v + 5*m + 23776 = 82817, -3*v - 5*m + 44277 = 0. What is the hundreds digit of v?
7
Let r be ((-26)/(-4))/(1 - 3/6). Let s = r + -14. What is the units digit of s/1 - (-147 - (6 - 3))?
9
Let z(a) = 5*a + 56. Let n be z(-10). Suppose n*m - 1667 - 733 = 0. What is the units digit of m?
0
Let y = 929 - 614. Let j = -87 + y. What is the hundreds digit of j?
2
Suppose 3*d = 4*g - 187513, 5*d - 46838 = -92*g + 91*g. What is the thousands digit of g?
6
Let b = -302 + 305. Let g(o) = 26*o + 26. What is the units digit of g(b)?
4
Let l(m) = -2589*m**3 - 3*m**2 - 9*m - 28. What is the units digit of l(-2)?
0
Let o(h) = 3*h**3 - 52*h**2 + 48*h + 41. What is the thousands digit of o(20)?
4
Suppose 2*o - 116 = 78. Let h = 97 - o. Let y(u) = -u**2 + 4*u + 155. What is the units digit of y(h)?
5
Suppose -r = -2*p - 5834, -145*r + 140*r = 4*p - 29086. What is the tens digit of r?
2
Suppose 3*u - 3*n + 5*n = 140, 0 = -2*u - 3*n + 100. Let t = u - 39. Suppose 7 = 2*w + t*j, -w + j = -27 + 6. What is the tens digit of w?
1
Let g be (-4)/18 - (-2498148)/486. Suppose 12*u - g = 7004. What is the thousands digit of u?
1
Suppose 8*m + 4283 = 1435. Let o = m - -632. What is the units digit of o?
6
Suppose 25*a = -119*a + 26*a + 203904. What is the thousands digit of a?
1
